105 = -v + 95. Determine t(v).
-2
Let l(b) = b**3 - b**2 + 1. Let k(r) = 5*r**2 - 9*r + 21. Let p(q) = q**2 - 2*q + 4. Let s(u) = -2*k(u) + 11*p(u). Let i be s(4). Give l(i).
5
Let u(a) = a**2 - 7*a + 4. Let x be u(3). Let q be x*(0 - (-3 - -1)). Let r be 4/q + 9/4. Let v(j) = -3*j. Give v(r).
-6
Let v(m) be the third derivative of -m**6/360 - m**5/20 + 7*m**4/24 + m**3 - 5*m**2. Let c(f) be the first derivative of v(f). Give c(-6).
7
Suppose -2*l = 10, -3*v + 7*v = -3*l + 61. Suppose 5*b - 1 = v. Suppose k = -b*k. Let c(r) = -r**2 - 3. What is c(k)?
-3
Let t(c) = c**3 + 2*c**2 + 2*c - 1. Let r(h) = 7*h**2 + 6*h - 5. Let f(o) = -3*o**2 - 3*o + 2. Let d(v) = -9*f(v) - 4*r(v). Let s be d(4). Give t(s).
-5
Let n(w) be the first derivative of -3 - 1/2*w**2 - 3*w. What is n(4)?
-7
Let u(i) be the second derivative of i**3/3 - i**2/2 + 16*i. Determine u(7).
13
Let w(y) = y - 4. Let b be w(10). Let p(d) = 3*d - 5. Calculate p(b).
13
Let x(m) = m**2 - 11*m + 10. Suppose -5*i = 4*h - 152, i + 5 = -3*h + 31. Let b = i + -22. Let d be x(b). Let k(y) = -y**2 + 2. Calculate k(d).
2
Let m be (-4 - (0 + -5)) + 5. Let c(f) = -f**2 + 7*f - 2. Calculate c(m).
4
Let d = 24 - 20. Let s(q) = q**2 - 2*q - 3. Let u be s(d). Let o(c) = c**2 - 4*c + 5. Determine o(u).
10
Suppose 8 = 3*y + 3*w - 4, -4 = -y + 5*w. Suppose y*u + 8 = -0. Let r(s) = 3*s**2 + 2*s. Determine r(u).
8
Let g(u) be the third derivative of -u**6/120 + u**5/12 - u**4/24 + 7*u**3/6 + 13*u**2. Calculate g(5).
2
Let v(b) = b**2 + 5*b - 1. Let o(n) = -3*n - 6. Let m be o(-3). Suppose 0*k - 4*k - 2*w - 26 = 0, -11 = 4*k - m*w. Give v(k).
-1
Let b(r) = -3 - 10*r + 12 + 4 - 2*r**2. Let f(i) = -3*i**2 - 15*i + 20. Let s(k) = 8*b(k) - 5*f(k). Determine s(-4).
8
Let m(d) = d**2 - 7*d + 5. Let u(r) = -r + 1. Let n(c) = -c**2 - 3*c - 12. Let l(z) = n(z) + 5*u(z). Let o be l(-6). Give m(o).
-5
Let w(z) = 0*z - 45*z**2 + 46*z**2 + 10*z + 6*z. Determine w(-16).
0
Let g(i) be the first derivative of 6*i - 5/3*i**3 + 0*i**2 - 2 + 1/4*i**4. Let u be (3 + -1)/((-4)/(-10)). Give g(u).
6
Let z = -39 - -28. Let t = z - -7. Let i be 1*(t - -2) + -1. Let c(k) = k**3 + 4*k**2 + 5*k + 3. Give c(i).
-3
Let i(r) = -2*r - 9. Let c(q) = q + 4. Let k(m) = 5*c(m) + 2*i(m). Determine k(5).
7
Let v(l) = -4*l + 1. Let r(s) = -2*s + 7. Let t be r(-6). Suppose -4*h + 9 + 11 = 0. Suppose 0 = 2*z - h*c - t, 2*z + 4*c = 7*z - 22. Determine v(z).
-7
Let a(i) = -i**2 - 7*i - 9. Let o be a(-4). Let m(q) = 6*q - 3. Give m(o).
15
Let i(t) = 3*t + 1. Let q be 3/(-6) - 3/6. Calculate i(q).
-2
Let t = -4 - -7. Suppose -4*b - 12 = s + 12, -t*b - 3*s = 27. Let o(u) = -3*u**3 + 0 - 2 - u + 5*u**2 + 4*u**3. Calculate o(b).
3
Let h(j) = 8*j + 25. Let r be h(-3). Let k(x) = -14*x**3 - x**2 + 3*x - 3. Let a(y) = 28*y**3 + 2*y**2 - 7*y + 7. Let q(w) = 2*a(w) + 5*k(w). Give q(r).
-15
Let g(a) be the second derivative of -a**4/12 - 3*a**3/2 + a**2 + 33*a. Calculate g(-10).
-8
Let j(p) = -p**3. Let x(w) = 2*w**3 + 2*w**2 + 2*w. Let k(d) = -4*j(d) - x(d). Give k(2).
4
Let u be -3 + 2/2 + -2. Let o(w) = -11*w**2 + 3*w + 8. Let m(b) = -2*b**2 + 2. Let r(x) = -6*m(x) + o(x). Calculate r(u).
0
Let t(b) be the second derivative of b**4/12 - b**3/3 - 3*b**2/2 + b. Suppose 4 = -3*n + 4*g, -5*n + 12 = -g - 4. Let u be (6 + -3)*n/(-6). Give t(u).
5
Let a(n) = -2*n. Let y(h) = h**2 + h - 1. Let v(l) = -l**2 - 9*l + 11. Let q be v(-10). Let u(r) = q*a(r) + 2*y(r). Determine u(2).
6
Let m(c) be the second derivative of 2*c**3/3 + 3*c**2/2 - c. Suppose 4*u = -4*f + 8, 4*u + f + 5 = 1. Determine m(u).
-5
Let s(k) = -2*k. Let v be (-10 - 2)*1/(-1). Suppose -4*y + 0 + v = 0. Give s(y).
-6
Suppose 3*q - 5 - 7 = 0. Suppose -4 + 10 = 3*k. Let n(l) = -k + 5*l + 0*l - 4*l - q*l. What is n(3)?
-11
Let c be 10/15 + 32/6. Let f be 3/(c/2)*3. Let v(i) = -i**3 - 3*i**2 - 3*i - 2 - 2 + f. Calculate v(-2).
1
Let j be (-4)/(-5)*(7 + -1 - 11). Let s(m) = 5 + 3*m + 0*m + 0*m. Determine s(j).
-7
Let f be (-7)/(14/12)*-1. Let r(o) = o**2 - 1. Let c(n) = 4*n**2 + 4*n + 1. Let t(y) = c(y) - 5*r(y). Calculate t(f).
-6
Let q(j) = -4*j**3 - 19*j**2 + 5*j - 4. Suppose 3*r + 6 = -0. Let a(m) = -m**3 + 2*m - 1 + 0*m**2 + 2*m**2 - 8*m**2. Let o(z) = r*q(z) + 7*a(z). Determine o(3).
4
Let d(k) = -2*k + 3. Let o(q) = -q**3 + 8*q**2 + 8*q + 10. Let z be o(9). Let w be z/(-2*(-3)/(-6)). Let c be (w - 2) + 0/(-1). Determine d(c).
9
Let z(y) = 3*y - 2. Suppose 3*a = -21 - 3. Let p = a + 11. Determine z(p).
7
Let s(k) = k**3 + 5*k**2 - 7*k - 1. Suppose -2*o - 7 = -1, 5*n + 4 = -3*o. Let f be 2 + n + (2 - 3). Let z(b) = -3*b**2 + 3*b. Let r be z(f). Determine s(r).
5
Let h(o) = o - 11. Let i(r) = r - 11. Let q(c) = 5*h(c) - 4*i(c). Let g(x) = 5. Let u(t) = -t - 10. Let m be u(-8). Let v(w) = m*q(w) - 5*g(w). What is v(-5)?
7
Let k(l) be the first derivative of 3*l**2 + l + 5. Let v(b) = b**2 + 3*b + 3. Let y be v(-3). Let p be 6/(-4) + y/6. Determine k(p).
-5
Let s(x) = -x**2 + 3*x**2 - 3*x**2 + 8*x - 5 + 1. Suppose 0 = -w + 5*q + 1, -4*w + 3*q + 19 = -2*q. Give s(w).
8
Let h(g) = -g**2 + 5*g. Let u(k) = k. Let c(i) = -h(i) + 5*u(i). Suppose 4*t = s - 3*s - 10, -8 = 3*t + s. Let z be (3/t)/(3/(-6)). Give c(z).
4
Let g be -10*((-1)/(-2) + 0). Let l(y) = 5*y - 5. Let r(w) = -w + 1. Let z(d) = 2*l(d) + 9*r(d). Let s(m) = 2*m - 3. Let n(t) = g*z(t) + 2*s(t). Calculate n(3).
-4
Suppose 386*n = 389*n. Let y(a) = 2*a**2 + 13*a - 21. Let b(o) = o**2 + 6*o - 10. Let t(z) = -13*b(z) + 6*y(z). Determine t(n).
4
Let s(z) = -z**3 - 4*z**2 - 2*z - 6. Let g = 100 + -104. Calculate s(g).
2
Let z be (-5)/(-1) + 6/(-6). Let p(w) = 7*w**3 - 10*w**2 + 7*w + 1. Let m(i) = -15*i**3 + 21*i**2 - 15*i - 3. Let r(y) = -6*m(y) - 13*p(y). Calculate r(z).
1
Let n = 5 + -3. Let a be 3*(n/(-6) - -1). Let d(i) = -i + 4. What is d(a)?
2
Suppose 0 = 6*a - a - 45. Let f(x) = -a - 3*x + 11*x - 7*x. What is f(0)?
-9
Let s(v) = -v**3 - 3*v**2 + 2*v - 1. Let w(o) = -5*o + 2. Let l be w(1). Calculate s(l).
-7
Let c(n) = -1 + 0*n**3 - 1 + n**3 - 3*n**2 + 0 + n. Let j(u) = -u + 12. Suppose -f = 2*f - 5*h - 32, 2*h + 29 = 3*f. Let i be j(f). Calculate c(i).
1
Let h(g) be the third derivative of g**6/120 - g**4/24 - 5*g**2. Determine h(-2).
-6
Suppose -6*t + 14 - 2 = 0. Let f(p) be the third derivative of 1/6*p**3 - 1/24*p**4 + 0*p + 0 + p**t. Calculate f(5).
-4
Let l(x) = -3 + 0 - 1 + 2*x. Let u(n) = -n - 1. Let s be u(-4). Calculate l(s).
2
Let d(n) = 2*n + 8. Let k(j) = 0*j + 2 - 5*j + 3*j. Let s be k(4). Calculate d(s).
-4
Let o(d) be the first derivative of d**3/3 - 3*d - 5. Suppose -2*c = -5*h + 3*c + 10, 0 = -4*h + 2*c + 4. What is o(h)?
-3
Let x(b) be the second derivative of 4*b + 0 - 1/3*b**3 + 1/2*b**2 - 1/12*b**4. Suppose 0 = l - 0 + 2. Give x(l).
1
Let f(a) = 1 + 3*a + 5*a + 5*a - 12*a. Calculate f(1).
2
Let w(o) = -o - 3. Let d be (-2)/10 - 44/5. Let r = -12 - d. Calculate w(r).
0
Let g(n) = -2*n - 7. Let b(r) = r**3 + 4*r**2 + 4*r + 3. Let i be b(-3). Suppose 0 = 2*c - i - 4. Let t be (18/4 - c)*-2. Calculate g(t).
3
Let v = 2 - -1. Let m be 13/v - 2/(-3). Let o(u) = m*u**2 + u**3 + 2*u - u**2 + u**3. Determine o(-2).
-4
Let d(r) = 4*r - 2. Let p be d(1). Let n(x) = 9*x - 1. Give n(p).
17
Suppose c = 3*c - 12. Let u(f) = f + 0*f - 2 - c*f + 3. Determine u(-2).
11
Suppose 3*s = -7 + 28. Let m be (-1)/(-2)*0 + 0. Suppose s*y - 9 = 3*w + 3*y, w + 3*y - 10 = m. Let h(c) = 6*c + 1. Give h(w).
7
Let n(p) = -1 + 0*p**3 + 12*p + p**3 - 13*p. Let q(l) = -3*l**3 - 4*l**2 + 8*l + 5. Let z(r) = -4*n(r) - q(r). Determine z(3).
-4
Let v(p) be the second derivative of -p**3/6 - 3*p**2 + 3*p. Suppose -5*m = -0*m. Suppose m*x - 20 = 4*x. Give v(x).
-1
Let m(u) = -u**3 - 4*u**2 - 3*u + 3. Let f be m(-3). Suppose 10 = 4*o + 2. Let c(n) = 3*n**2 - 3*n**2 - n**o + 0*n**2 + 3*n. What is c(f)?
0
Let w(t) = 4*t + 146*t**2 - 300*t**2 + 3 + 152*t**2. What is w(4)?
-13
Let c(n) = -n**2 + n - 1. Let u(k) = k**3 + 6*k**2 - 5*k + 5. Let b(w) = -3*c(w) - u(w). Let o = -1 - 3. What is b(o)?
6
Let p(a) = 2*a**3 - 2*a**3 - 2*a**3 - 4*a**2 + 3 + 5*a**2 - 2*a. Determine p(2).
-13
Let f(v) be the first derivative of v**2 - 3 + 0*v - 1/3*v**3. Determine f(4).
-8
Let i(m) = m**2 + 1. Let l be 3*8/(-36) - (-2)/(-6). Calculate i(l).
2
Suppose 4 = -2*t - 4. Let p(u) be 